NOAA-Style Climate Reports
Select a Year or Month report
2024: Jan Fev Mar Abr Mai Jun Jul Ago Set Out Nov Dez
2023: Jan Fev Mar Abr Mai Jun Jul Ago Set Out Nov Dez
2022: Jan Fev Mar Abr Mai Jun Jul Ago Set Out Nov Dez
2021: Jan Fev Mar Abr Mai Jun Jul Ago Set Out Nov Dez
2020: Jan Fev Mar Abr Mai Jun Jul Ago Set Out Nov Dez
2019: Jan Fev Mar Abr Mai Jun Jul Ago Set Out Nov Dez
2018: Jan Fev Mar Abr Mai Jun Jul Ago Set Out Nov Dez
2017: Jan Fev Mar Abr Mai Jun Jul Ago Set Out Nov Dez
2016: Jan Fev Mar Abr Mai Jun Jul Ago Set Out Nov Dez
2024: Jan Fev Mar Abr Mai Jun Jul Ago Set Out Nov Dez
2023: Jan Fev Mar Abr Mai Jun Jul Ago Set Out Nov Dez
2022: Jan Fev Mar Abr Mai Jun Jul Ago Set Out Nov Dez
2021: Jan Fev Mar Abr Mai Jun Jul Ago Set Out Nov Dez
2020: Jan Fev Mar Abr Mai Jun Jul Ago Set Out Nov Dez
2019: Jan Fev Mar Abr Mai Jun Jul Ago Set Out Nov Dez
2018: Jan Fev Mar Abr Mai Jun Jul Ago Set Out Nov Dez
2017: Jan Fev Mar Abr Mai Jun Jul Ago Set Out Nov Dez
2016: Jan Fev Mar Abr Mai Jun Jul Ago Set Out Nov Dez
Report for 2020 Agosto
MONTHLY CLIMATOLOGICAL SUMMARY for AUG. 2020 NAME: Erasmus + AENelas CITY: Nelas STATE: Viseu ELEV: 0 m LAT: 40° 31' 39" N LONG: 7° 51' 17" W TEMPERATURE (°C), RAIN (mm), WIND SPEED (km/hr) HEAT COOL AVG MEAN DEG DEG WIND DOM DAY TEMP HIGH TIME LOW TIME DAYS DAYS RAIN SPEED HIGH TIME DIR ------------------------------------------------------------------------------------ 1 20.7 30.1 15:32 13.9 6:20 1.4 3.8 0.0 3.2 33.8 16:50 SSW 2 20.3 30.1 15:06 12.6 7:46 1.7 3.7 0.0 3.4 25.7 13:12 SSW 3 19.9 29.1 16:57 13.5 6:39 1.7 3.4 0.0 3.7 22.5 13:36 SSW 4 23.9 35.1 16:48 14.4 7:03 0.9 6.6 0.0 2.9 17.7 19:06 N 5 26.6 36.7 16:51 18.6 6:44 0.0 8.2 0.0 2.3 22.5 17:57 N 6 27.2 36.2 14:36 19.9 5:44 0.0 8.9 0.0 2.9 25.7 13:17 SSW 7 23.9 33.3 16:48 17.9 7:58 0.0 5.7 0.0 3.1 22.5 14:50 SSW 8 23.3 31.6 13:58 16.5 6:12 0.2 5.2 0.0 3.2 32.2 15:32 SSW 9 18.8 27.1 16:46 13.9 4:57 1.5 2.0 0.0 2.9 22.5 16:49 SSW 10 19.9 27.7 15:46 15.8 5:45 1.0 2.6 0.0 3.5 20.9 14:50 S 11 20.1 28.1 16:28 15.8 4:37 1.0 2.7 0.0 3.4 24.1 19:37 N 12 20.6 27.6 15:48 16.6 23:57 0.4 2.7 0.0 2.3 17.7 15:13 N 13 18.7 27.1 16:34 13.8 5:48 1.8 2.2 0.2 3.1 25.7 17:59 S 14 18.6 27.3 15:28 13.8 7:17 1.9 2.2 0.0 3.5 29.0 16:54 SSW 15 17.8 23.8 15:20 13.2 7:26 1.9 1.4 0.0 3.1 24.1 15:11 S 16 17.4 23.7 14:36 12.1 6:06 2.1 1.2 0.0 3.2 22.5 14:30 SW 17 19.3 22.7 15:19 16.9 1:54 0.5 1.5 0.6 5.0 27.4 16:39 SSW 18 21.1 26.8 16:27 17.8 00:00 0.0 2.8 2.2 4.2 22.5 13:55 N 19 21.3 28.9 16:39 15.2 7:17 0.6 3.6 0.0 3.7 29.0 16:49 SW 20 19.2 22.9 13:30 16.8 23:52 0.2 1.1 9.4 4.0 24.1 13:43 N 21 19.2 25.7 16:59 15.3 7:23 1.0 2.0 0.8 1.4 16.1 19:43 SW 22 20.4 29.8 16:55 13.3 7:14 1.2 3.4 0.2 2.1 22.5 18:49 SSW 23 21.3 32.1 16:31 13.3 5:47 1.4 4.4 0.0 2.4 20.9 18:12 SSW 24 25.1 34.6 16:17 17.4 3:22 0.1 6.9 0.0 3.2 22.5 8:35 NE 25 24.2 33.2 15:16 17.1 7:14 0.1 6.0 0.0 2.3 19.3 17:54 SSW 26 23.8 34.1 16:14 16.8 6:54 0.2 5.7 0.0 2.4 24.1 19:51 SSW 27 22.1 30.9 17:16 17.3 7:46 0.2 3.9 0.2 2.4 19.3 15:25 N 28 19.6 25.6 13:24 14.7 00:00 0.7 2.0 0.0 3.4 25.7 18:47 N 29 17.2 23.7 17:51 11.0 6:45 2.4 1.3 0.0 3.4 24.1 14:27 N 30 18.4 25.8 16:17 12.4 7:16 2.0 2.1 0.0 4.5 25.7 10:12 N 31 20.7 28.8 16:59 13.6 7:28 1.0 3.3 0.0 2.6 17.7 12:15 N ------------------------------------------------------------------------------------- 21.0 36.7 5 11.0 29 29.1 112.4 13.6 3.1 33.8 1 N Max >= 32.0: 8 Max <= 0.0: 0 Min <= 0.0: 0 Min <= -18.0: 0 Max Rain: 9.40 ON 20-08-20 Days of Rain: 7 (> .2 mm) 2 (> 2 mm) 0 (> 20 mm) Heat Base: 18.3 Cool Base: 18.3 Method: Integration